 -4*v - 4. Let y(q) = -2*q**2 + 32*q - 101. Let f be y(9). Calculate the highest common divisor of v and f.
5
Suppose 4*w = -3*o - 10, -4*o + 2*w = -2*w - 24. Suppose -a = o*a - 147. Suppose 21 = 4*f - f. What is the greatest common divisor of f and a?
7
Suppose 0 = -4*u + 3968 - 2248. What is the highest common factor of u and 20?
10
Suppose 4 = j, 4*j + 5 = 2*h + 13. Suppose h*q = -41 + 225. What is the greatest common divisor of q and 23?
23
Let n(d) = 8*d - 3. Let k be n(1). Suppose 5*s - 4*s + k*g = -18, 3*s - 4*g - 22 = 0. What is the highest common divisor of s and 8?
2
Let h(s) = -s**2 - 16*s - 32. Suppose 3*b + 31 = -5*k, -2*k - 3*b + 25 = -4*k. Let x be h(k). Calculate the greatest common divisor of 80 and x.
16
Let k be (-7 - (0 - 3))/(-1). Suppose -2*x - 124 = -k*c - 4*x, 4*c = 3*x + 144. Suppose 6*n = 184 + 14. Calculate the highest common factor of n and c.
33
Suppose -30 = -2*j - 13*j. Suppose r + 3*t = 27, j*r + 0*r = -5*t + 53. Calculate the highest common factor of 3 and r.
3
Suppose -3*n + 7*n - 144 = 0. Let c(b) = 18*b - 264. Let k be c(16). What is the highest common divisor of k and n?
12
Let p(j) = -4*j - 14. Suppose 9*r = 3*r - 30. Let d be p(r). What is the greatest common divisor of 24 and d?
6
Let g = -8 - -14. Let d(t) = 6*t - 12. Let c be d(5). Calculate the highest common divisor of c and g.
6
Let g(c) = -c + 100. Let f be g(-5). Calculate the highest common divisor of f and 15.
15
Suppose -3*s + 5*s - 44 = a, 100 = 5*s - 5*a. Calculate the greatest common factor of 516 and s.
12
Let a(w) = w**3 - 4*w**2 + 4. Let y be 6/(-1 + 20/8). Let t be a(y). Calculate the highest common divisor of 64 and t.
4
Suppose 33 + 543 = 12*y. Calculate the highest common divisor of 16 and y.
16
Let b(z) = z**2 + 7*z - 18. Let a be -4*3 - (1 - 4). Let d be b(a). Suppose 19*s - 23*s + 72 = d. What is the greatest common divisor of 45 and s?
9
Let q be 5/((-105)/(-393)) + (-6)/(-21). What is the highest common divisor of q and 228?
19
Let j = -10 + 20. Let r be (-2)/4 + 485/j. Let f be (-196)/(-16) - 1/4. Calculate the highest common factor of f and r.
12
Let o = -248 + 476. Suppose 0 = 2*i - 8, 0*t - 5*i + o = t. What is the greatest common divisor of t and 26?
26
Let k be 6/(58/(-10) - -6). Calculate the greatest common divisor of 75 and k.
15
Let v = 22 - 42. Let y be (-6)/(-4) + 30/v. Suppose -236 = -3*t + 2*f, y*f = 4*t - 5*f - 324. Calculate the greatest common factor of t and 19.
19
Let n = -356 + 740. Suppose 0 = 4*b - 128 - n. What is the greatest common divisor of b and 16?
16
Suppose 5*q + 50 = 3*v, -28*q + 24*q = -3*v + 46. Calculate the highest common factor of v and 10.
10
Suppose -28 = -5*b + k + 2*k, 20 = b + 3*k. Let v = 72 - 0. What is the highest common factor of b and v?
8
Suppose -3*o + 211 = 2*l - 275, -5*o - 2*l = -810. Suppose -3*t + 230 = -4*k, -3*k = -4*t + 457 - o. Calculate the greatest common factor of 10 and t.
10
Let k = 58 - 6. Let j(t) = -t**3 - 5*t**2 - 5*t - 3. Let i be j(-7). What is the greatest common factor of k and i?
26
Let w be 4/(-18) + 940/18. Let l be ((-1)/((-2)/14))/((-8)/(-208)). What is the greatest common factor of l and w?
26
Let n(i) = -i**2 - 7*i - 9. Let p be n(-6). Let q be (-44)/(-3) - 1/p. Calculate the highest common divisor of 30 and q.
15
Let c = -61 - -85. Let x = 30 + -25. Suppose -2*d = r - 8, -x*r + 2*d + 3 = -37. What is the greatest common divisor of c and r?
8
Let z be 14100/75 + (-3 - 0). What is the greatest common divisor of 74 and z?
37
Let r = -14 + 11. Let z be -3*(-2 + -1)/r. Let t be 59 + 0 + z/(-3). Calculate the highest common divisor of 12 and t.
12
Let r be 18/(4 - 2) + -3. Suppose -3*o + 20 + 16 = 0. Calculate the highest common factor of o and r.
6
Let d = 17 + 10. Let a = 5095 - 5092. What is the highest common factor of d and a?
3
Suppose -23*g - 7 = -490. Calculate the highest common factor of 189 and g.
21
Let q = 254 + -53. Let w(x) = x**2 - 6. Let k be w(-3). Suppose -5*v + 68 = 3*z - q, 4*v - k*z = 226. What is the greatest common factor of 5 and v?
5
Suppose -4*w + 0*d + 1180 = -2*d, -2*d = -w + 289. Calculate the highest common divisor of 6 and w.
3
Suppose -5*x + 218 = -2*b, 4*x + 0*x - 179 = -3*b. Let y be 2/((-1)/22*-4). What is the greatest common divisor of y and x?
11
Suppose m - 5*a = 264, -3*m = -2*a - 328 - 412. Calculate the greatest common factor of 366 and m.
122
Let z be 1 + 84 + 3/(-6)*2. What is the highest common factor of 228 and z?
12
Suppose 506*j = 508*j - 84. Calculate the highest common factor of j and 483.
21
Suppose 22 = -4*m + 2*j, 2*m + 5*j + 15 = -2*m. Let k be ((-2)/m)/(9/45). Let f be -1*(-8 + (-6)/k). Calculate the greatest common divisor of f and 88.
11
Suppose 0 = -37*z + 4*z + 858. Calculate the greatest common factor of z and 494.
26
Suppose -5*h = 3*y - 353, -2*h = -5*y + 2*h + 539. What is the greatest common factor of 148 and y?
37
Suppose -2*h = 5*z - 17, 5*z = -h - 0 + 1. Let a = h + 7. Calculate the greatest common divisor of 1 and a.
1
Let l be (-1*(-5)/3)/(17/153). Calculate the greatest common divisor of 705 and l.
15
Suppose 2*w - 2*d - 3 = 29, 5*w = 3*d + 82. Calculate the highest common divisor of w and 136.
17
Let o(l) = -2*l + 12. Let h(x) = 7*x + 2. Let y be h(-1). Let r be o(y). What is the highest common factor of r and 33?
11
Suppose -105 = -3*z + 3*i, -5*z + 220 = -i + 5*i. Let q = 8 + z. Calculate the highest common divisor of 32 and q.
16
Let r = 230 - 216. What is the greatest common divisor of r and 406?
14
Suppose -3*b = 2*b. Suppose -4*r = -b*r - 8. Let g be -9*2/(-12)*r. What is the greatest common factor of 6 and g?
3
Let h be 5*-1 - (-9 + -1). Suppose -4*r - 16 = 2*c, 2*c = -c + 2*r + 16. Suppose c*y + 0 = 4. Calculate the greatest common factor of h and y.
1
Let q(o) = -o**2 + 12*o - 21. Let g be q(9). Let z be g/(12/(-3)*2/(-180)). What is the highest common factor of z and 45?
45
Suppose -5*s = u, -9*s - 5*u = -12*s. Suppose -2*k + 4*z = 2*k - 228, 2*k + 5*z - 100 = s. What is the highest common divisor of k and 22?
11
Let g(j) = 7*j**2 + 4*j - 66. Let z be g(8). What is the highest common factor of z and 36?
18
Suppose 0 = -13*g + 248 - 66. What is the greatest common factor of 1890 and g?
14
Suppose 54 = -2*w - w. Let h be (-9)/w + 23/2. What is the highest common factor of h and 108?
12
Let q(r) = 4*r**3 - 6*r + 6. Let x be q(2). Calculate the highest common divisor of 39 and x.
13
Suppose 80 = 5*v + 5. Let g(j) = -7*j - 38. Let a(m) = -11*m - 56. Let y(q) = 5*a(q) - 8*g(q). Let h be y(-21). Calculate the highest common factor of v and h.
3
Suppose h = 2*h - 3. Suppose 15 = 4*p - w, -3*p + h + 2 = -2*w. What is the highest common factor of p and 35?
5
Let q = -158 + 166. Calculate the greatest common divisor of q and 32.
8
Let r be (-10 - -10)/((-3)/(-1)). Suppose r = 2*v + 8, -3*v = -3*d + 2*d + 30. Calculate the highest common divisor of 144 and d.
18
Suppose 0 = -31*j + 1081 - 244. What is the highest common divisor of 33 and j?
3
Suppose -z + 30 = 2*z. Let g(r) = -12*r + 11*r - 9*r. Let f be g(-11). What is the greatest common divisor of z and f?
10
Let h be ((-60)/(-18))/(2/3). Suppose 27 = h*z - 48. What is the greatest common divisor of 135 and z?
15
Let b(a) = a**2 - 30*a + 59. Let f be b(29). Let i be 0/3 - -1 - -11. Calculate the greatest common divisor of f and i.
6
Let l be ((-429)/(-6))/((-4 + 6)/4). Suppose -3*j + 521 = 2*q + l, 5*q + j - 958 = 0. What is the greatest common divisor of q and 24?
24
Let k(p) = -p**3 - 6*p**2 + 7*p + 1. Let o be k(-7). Let t be o/(-1*4/1336). Let x be (-21)/(-126) - t/12. Calculate the highest common factor of x and 84.
28
Suppose -1321 + 15357 = 4*u. What is the highest common factor of u and 29?
29
Suppose -85*d + 7830 = -40*d. Calculate the highest common divisor of d and 58.
58
Let c be -28*(-4)/(4/2). Suppose 0*d = -2*d + c. Let n be 176/d - 4/14. Calculate the greatest common factor of n and 3.
3
Let n(s) = 8*s**2 + 0 - 12*s**3 + 0*s**3 - 10*s**2 + 3*s + 3. Let a = 7 + -9. Let d be n(a). Calculate the greatest common divisor of 34 and d.
17
Let n be 49 + (0 - (-1 - 3)). Suppose 15 = 4*j - n. Calculate the highest common factor of 102 and j.
17
Let b be (-12)/((27/12)/3). Let k be b/24 - (-94)/6. Suppose -41 = -4*x - x - h, 0 